, what is 12 + -11200210101222220?
-11200210101222201
In base 2, what is 10 - -11010001110101111000?
11010001110101111010
In base 11, what is -84 - 14403?
-14487
In base 12, what is 88603 + -b4?
8850b
In base 11, what is 4 + 112239325?
112239329
In base 6, what is -13155312 + 402?
-13154510
In base 15, what is -92 - -accc2?
acc30
In base 10, what is 11 - -769033?
769044
In base 3, what is -10 + -11112102101211101?
-11112102101211111
In base 14, what is 19 + 116b91?
116baa
In base 9, what is 4618086 - 4?
4618082
In base 14, what is -1586990 - -1?
-158698d
In base 11, what is -14 + 7a478?
7a464
In base 7, what is -15 - -310010066?
310010051
In base 4, what is -222110302 + 2300?
-222102002
In base 10, what is 2793152 + 283?
2793435
In base 5, what is -3 - -24210301313?
24210301310
In base 7, what is -155342161 - 3?
-155342164
In base 9, what is 450 + -2311517?
-2311057
In base 14, what is -d16 + 2b9?
-a3b
In base 13, what is 89523b5 - -3?
89523b8
In base 10, what is 80278504 - -1?
80278505
In base 12, what is -4021a4 + 50?
-402154
In base 3, what is 12121222 + -100122010?
-11000011
In base 3, what is 201122 + 1220111212?
1221020111
In base 15, what is 262e661 - 1?
262e660
In base 16, what is c8cce5 - 3?
c8cce2
In base 8, what is 1 - -330661075?
330661076
In base 4, what is 111120223120 - -2?
111120223122
In base 14, what is 28 + -9d2581?
-9d2557
In base 16, what is 173 - -5835b9?
58372c
In base 11, what is 770 + -746a9?
-73a39
In base 3, what is -10110112021 + 10122101?
-10022212220
In base 15, what is -20 - 18500?
-18520
In base 15, what is -31 - 3425a6?
-3425d7
In base 15, what is -6a1bd4c - 5?
-6a1bd52
In base 3, what is -210222001 - 102010010?
-1020002011
In base 13, what is 38 - -1564c8?
156533
In base 2, what is -11110100110101010 - 1010000110?
-11110110000110000
In base 14, what is 3 - 81cb682?
-81cb67d
In base 6, what is 22454201 + 25?
22454230
In base 12, what is -a479 + -4a?
-a507
In base 10, what is 214 - 58093?
-57879
In base 12, what is -1 - 1915418?
-1915419
In base 11, what is -31 + 1661a44?
1661a13
In base 12, what is -2465b33 + 5?
-2465b2a
In base 11, what is 2333678a + -4?
23336786
In base 10, what is -3 + 12031259?
12031256
In base 7, what is 1031 + -15152452?
-15151421
In base 11, what is 4900 - -a3a?
583a
In base 13, what is -15a5533 - -1?
-15a5532
In base 4, what is -11103323020332 - 2?
-11103323021000
In base 9, what is -534430 + 16?
-534413
In base 9, what is -1857363 - -151?
-1857212
In base 8, what is 2031 - -5310?
7341
In base 2, what is -10001100111000011001001100011 - 0?
-10001100111000011001001100011
In base 7, what is 153463606 - -5?
153463614
In base 13, what is 28092 + 118?
281aa
In base 3, what is 122200101022 - -10?
122200101102
In base 8, what is 15502 + -35443?
-17741
In base 11, what is 538658 - -8?
538665
In base 5, what is 102344 - 1101303?
-443404
In base 9, what is 446 - 146475?
-146028
In base 16, what is 1751 + e6a?
25bb
In base 5, what is -11042 - 2330342?
-2341434
In base 13, what is -1ba9838 - -25?
-1ba9813
In base 11, what is -67262 - -76a?
-665a3
In base 4, what is 121012323303 - 3213?
121012320030
In base 9, what is -8830 + -8782?
-18722
In base 11, what is 2266 + -42674?
-40409
In base 8, what is -4 - 131666621?
-131666625
In base 16, what is 560247 - -e?
560255
In base 13, what is -4a - -4c8840?
4c87c3
In base 3, what is -11 + -1111002210222211?
-1111002210222222
In base 5, what is 200111 + 23440?
224101
In base 12, what is -174a9 - 2ba?
-177a7
In base 13, what is 2775 + 3003?
5778
In base 7, what is 6225 - -1511556?
1521114
In base 2, what is 1010011000101011101000 - 111?
1010011000101011100001
In base 2, what is 10010101101 + -1111010011100?
-1100111101111
In base 15, what is -3ca2299 + -1?
-3ca229a
In base 3, what is 2022122211020 + -1?
2022122211012
In base 16, what is -20998 + -19?
-209b1
In base 14, what is -139344571 + 1?
-139344570
In base 9, what is -361 - 3031174?
-3031545
In base 15, what is 6a8 - 30eb?
-2943
In base 10, what is 73374472 - 2?
73374470
In base 13, what is 5029 + 234?
5260
In base 6, what is 55 - -5440202?
5440301
In base 7, what is -320164015 - -5?
-320164010
In base 12, what is -2472 - -2778?
306
In base 9, what is 30152861 + -37?
30152823
In base 10, what is 4116 - -4752?
8868
In base 9, what is -5 + -3448550?
-3448555
In base 13, what is 19868 - -18?
19883
In base 11, what is -141 - -3a86a9?
3a8568
In base 15, what is -265 - -18c7?
1662
In base 14, what is -59cb0c - -2a?
-59cac2
In base 15, what is -203 + -4753?
-4956
In base 12, what is 10 + -36363b9?
-36363a9
In base 9, what is 4 - 177?
-173
In base 13, what is 1ca516c + -3?
1ca5169
In base 12, what is -1b9 + -6468?
-6665
In base 13, what is 15c73a3 + 3?
15c73a6
In base 4, what is 1111102102203 - -30?
1111102102233
In base 10, what is 6501 + 695?
7196
In base 16, what is 5 + 317313?
317318
In base 11, what is 1616185 - 7?
1616179
In base 9, what is -4 - 1145676?
-1145681
In base 14, what is -4a6ac - 24?
-4a6d2
In base 13, what is 8a8 - -8b880?
8c458
In base 12, what is 9 + -76951253?
-76951246
In base 9, what is -1013818 + -410?
-1014328
In base 7, what is -3302013 + 640?
-3301043
In base 12, what is -461 - 6563aa?
-65684b
In base 7, what is 6 - 3153660?
-3153651
In base 14, what is 1b208 + 2a?
1b234
In base 6, what is 404154332 - 3?
404154325
In base 8, what is -305021 + 74?
-304725
In base 15, what is 25e09e5 + -5?
25e09e0
In base 4, what is 112230231033 - 111?
112230230322
In base 12, what is 7 + 1737a5?
1737b0
In base 6, what is -420044 + -120?
-420204
In base 5, what is 11040 + -14304114?
-14243024
In base 3, what is 1000210000121 - -2002001?
1000212002122
In base 4, what is 332 - -20311221?
20312213
In base 7, what is -13160233 + 12?
-13160221
In base 6, what is 3 - -11230552045?
11230552052
In base 7, what is 50 + -112161434?
-112161354
In base 11, what is -5686 + 48?
-5639
In base 12, what is -1 - -a21249?
a21248
In base 11, what is 3 - 379772?
-37976a
In base 5, what is 11303203011 - -41?
11303203102
In base 11, what is 5 - -20393a8?
2039402
In base 15, what is 5 - -46c948?
46c94d
In base 5, what is 4021120 - 1144?
4014421
In base 15, what is 7 - 27ea38a?
-27ea383
In base 6, what is -3150500 - 303?
-3151203
In base 4, what is 10022312 - 1322232?
2100020
In base 16, what is 4c4 - cff5?
-cb31
In base 16, what is -5 - -501724?
50171f
In base 7, what is 533404 - -10?
533414
In base 16, what is 14732b + -3?
147328
In base 16, what is -2 - 18c2770?
-18c2772
In base 10, what is 5277193 + 0?
5277193
In base 9, what is -624 + -20226?
-20851
In base 13, what is -2b793 + 432?
-2b361
In base 12, what is 1ba - 984b?
-9651
In base 15, what is c9b737 + 1?
c9b738
In base 10, what is -1265 - 5531?
-6796
In base 14, what is 5 - -1a759cab?
1a759cb2
In base 10, what is 1251684 - -8?
1251692
In base 12, what is -4355 + -9a?
-4433
In base 9, what is -58826 - 732?
-60658
In base 11, what is 3557 + 2934?
6390
In base 4, what is -32320233 + 1231?
-32313002
In base 3, what is 20000102002200 + -10?
20000102002120
In base 2, what is 10 - 1100101001011010100110111?
-1100101001011010100110101
In base 8, what is 267211174 + 6?
267211202
In base 7, what is 315 + -136642?
-136324
In base 7, what is -136 + -223043?
-223212
In base 13, what is 1b44963 - -12?
1b44975
In base 9, what is 18715 + -1107?
17607
In base 12, what is 1070208 - -12?
107021a
In base 8, what is 667 - 354663?
-353774
In base 5, what is -10 - -1000143300243?
1000143300233
In base 6, what is -13132 + 5320?
-3412
In base 4, what is 130 + 3101312103?
3101312233
In base 8, what is -67142315 + -4?
-67142321
In base 3, what is -1112001122101021 + -2?
-1112001122101100
In base 14, what is 232180 - 37?
232147
In base 2, what is 10 + -1001111101100110101011?
-1001111101100110101001
In base 14, what is -33d5 - 21526?
-2491b
In base 10, what is 9 + 360208?
360217
In base 7, what is 604211 - -53?
604264
In base 12, what is 266b364 - -1?
266b365
In base 11, what is 152a8 + 13438?
28735
In base 15, what is b9b37 - 3?
b9b34
In base 3, what is -1202122012112 - -1021?
-1202122011021
In base 6, what is -2 + -520034145?
-520034151
In base 2, what is 100001000000111001010011110 - -100?
100001000000111001010100010
In base 7, what is 15 - 220252?
-220234
In base 16, what is -3 - -3b1798